divided by n.
21
Let u = -2 + 8. Suppose -u*d = -d - 85. Suppose 3*q + 43 = 139. Calculate the remainder when q is divided by d.
15
Let q(f) = f**2 + 6*f - 3. Let c be q(-7). Let s be (-1)/c - 68/(-16). Suppose 4 = -s*j + 12. Calculate the remainder when 5 is divided by j.
1
Suppose 2*b - 120 = -2*h, -4*b = h + 2*h - 245. Calculate the remainder when b is divided by 11.
10
Let w = 6 - -1. Calculate the remainder when 13/(-1)*2/(-1) is divided by w.
5
Let m = -18 - -48. Let c = -19 - -35. Calculate the remainder when m is divided by c.
14
Suppose -6*u = -3*u + 4*s - 560, 2*s = u - 180. Calculate the remainder when u is divided by 37.
36
Suppose -v + 43 = 16. Calculate the remainder when 53 is divided by v.
26
Suppose -q = -4*r - 48, -q - 5*r + 36 = -3*r. Suppose 8*z = 3*z + q. Suppose 4*t - 3*t - 5 = 0. What is the remainder when z is divided by t?
3
Let s = 71 - 35. Calculate the remainder when s is divided by 19.
17
Let h(p) = p**2 - 3*p - 8. Let r(u) = 2*u. Calculate the remainder when h(6) is divided by r(2).
2
Let k = 5 + 8. What is the remainder when 37 is divided by k?
11
Let t = -21 - -38. Suppose 30 = 2*h - 3*g, -5*g + 4 + 21 = 5*h. What is the remainder when t is divided by h?
8
Suppose -3 = -3*a, a - 982 = -2*j - 3*a. Let o = j + -260. Suppose 3*k + 36 = -2*i + o, -2*k + 131 = -i. Calculate the remainder when k is divided by 22.
21
Let l be 0 + 1 + (-10 - -3). Calculate the remainder when 13 is divided by (-28)/l*(-6)/(-4).
6
Let t be ((-3)/1 - -3) + 0. Suppose t = -2*h + 65 - 15. Suppose -24 = -4*m + 28. What is the remainder when h is divided by m?
12
Let n = 195 + -120. Let h(c) = 8*c + 3. Calculate the remainder when n is divided by h(2).
18
Let a(t) = 2*t - 5. Let c be a(8). Let n be 1 - (2 - 0)/(-2). Let g = c + n. Calculate the remainder when g is divided by 7.
6
Let i = -4 + 7. Calculate the remainder when 15 is divided by i.
0
Suppose 192 = -q - 3*q. Let w = q - -68. What is the remainder when w is divided by 11?
9
Let s(i) = 5*i**2 + i - 1. Let n = 30 - 21. What is the remainder when n is divided by s(1)?
4
Suppose 3*o - 29 = 46. Suppose -8 = z - o. Let i(c) = -3*c**3 - 3*c**2 + 2*c + 1. What is the remainder when i(-3) is divided by z?
15
Let w = 81 + 0. What is the remainder when w is divided by 14?
11
Suppose -4*z = -0*z. Suppose -i = -4*r - 7, z*i + 5*i + 2*r = 57. Calculate the remainder when i is divided by (-66)/(-15) + 6/(-15).
3
Let w be (4/(-8))/((-1)/230). Suppose -w - 57 = -4*l. Calculate the remainder when l is divided by 11.
10
Let a(c) = c + 16. Calculate the remainder when 44 is divided by a(8).
20
Suppose 0 = 2*m - 125 + 31. What is the remainder when m is divided by 25?
22
Let p(b) = 7*b + 7. What is the remainder when p(8) is divided by 22?
19
Suppose 2*l + 33 = 3*b, -7*b + 71 = -2*b + 2*l. Suppose 2*x + 5*q + 2 = q, 3*x = 4*q - 23. Let w = 10 + x. Calculate the remainder when b is divided by w.
3
Suppose 0 = 3*p + s - 46, -5*p + s - 6*s = -70. Let w(t) = -t**2 - 4*t + 18. What is the remainder when p is divided by w(-6)?
4
Suppose -5*w + 3*w = -4. Suppose 4*a - 72 = w*a. What is the remainder when a is divided by 19?
17
Let g = -67 + 81. Calculate the remainder when g is divided by 9.
5
Suppose 5*t + 34 = 89. Suppose 0 = 4*o + o - 25. Suppose -o = x - 6*x, 3*x - 63 = -3*f. What is the remainder when f is divided by t?
9
Suppose -2*z + 5*j = -1, -j = -4*z + 2*z + 21. Calculate the remainder when z is divided by 3.
1
Suppose -2*g - 2*z + 46 = -7*z, 0 = -5*g + 5*z + 130. What is the remainder when g is divided by ((-4)/(-10))/(4/100)?
8
Suppose f + 5*b - 9 = 0, -27 = -0*f + 4*f - b. Calculate the remainder when (-1 - -13) + f/2 is divided by 4.
1
Let r = 142 + -75. What is the remainder when r is divided by 35?
32
Suppose 2*m = v + 2, v + 0 - 2 = m. Calculate the remainder when 16 is divided by v.
4
Suppose 0 = 4*n - 5*b - 95, 5*n - b - 77 - 47 = 0. What is the remainder when 124 is divided by n?
24
Let t(p) = p**3 - 4*p**2 + 2*p - 4. Let a be t(3). Let w(d) = d**3 + 8*d**2 + 5*d - 7. Let b(q) = -6*q + 1. What is the remainder when b(-2) is divided by w(a)?
6
Suppose -5*v + 27 = u, -2*u - 4*v = -7*u + 48. What is the remainder when 20 is divided by u?
8
Suppose 0 = 5*g - g - 32. Calculate the remainder when 38 is divided by g.
6
Let b = 48 + -27. What is the remainder when 41 is divided by b?
20
Let i be 10/((8/9)/4). Suppose 0*o - o = -i. Suppose -7*s + 288 = 17*s. Calculate the remainder when o is divided by s.
9
Let h = 4 + -5. Calculate the remainder when (4/10)/(h/(-110)) is divided by 15.
14
Suppose -2*s = -0*s - 12. Calculate the remainder when 11 is divided by s.
5
Suppose l - 68 = -2*r + 62, -2*r + 138 = -3*l. What is the remainder when r is divided by 14?
10
Let x(l) = l**2 + 2*l - 2. Let t(w) = w**2 + 4*w**2 - 7*w + 6 + 4 - 4*w**2. Calculate the remainder when t(7) is divided by x(2).
4
Let j = 9 - 6. Suppose -j = -2*p + 11. What is the remainder when 13 is divided by p?
6
Let o(c) = c**2 - c + 5. Let p(h) = h**2 + 4*h. Let b be p(-4). Calculate the remainder when 13 is divided by o(b).
3
Let d(i) = 6*i - 2. Let k(f) = 7*f - 3. Let j(b) = 6*d(b) - 5*k(b). What is the remainder when 24 is divided by j(6)?
6
Suppose -5*h + 56 = 3*l, 3*h - 12 = -l + 4. Calculate the remainder when 87 is divided by l.
21
Let t = 16 - 16. Suppose w - o + 0*o = 24, 4*w + 5*o - 123 = t. What is the remainder when 80 is divided by w?
26
Suppose 2*d - 20 = -2*d. Suppose 4*q = 3*q + d. Suppose 0 = q*c - 6*c + 8. Calculate the remainder when 14 is divided by c.
6
Let j(q) = 0 + 9*q + 2*q**3 + 1 + 3*q**3 + 8*q**2 - 4*q**3. What is the remainder when 54 + 1/3*3 is divided by j(-6)?
17
Suppose 3*x = 2*x + 3. Suppose -x = -2*h + 7. Suppose h*u - 31 = 14. Calculate the remainder when 26 is divided by u.
8
Let b be (-6)/21 + (-6)/(-21). Suppose 5*a - 2 + 17 = b. What is the remainder when 13 is divided by (-21)/a + 0/(-2)?
6
Let w = -58 - -96. What is the remainder when w is divided by 10?
8
Let d = -4 + 4. Suppose -l = -d - 2. Suppose y = -p - 4*y - 6, -l*y + 62 = 5*p. Calculate the remainder when 41 is divided by p.
13
Let p(u) = 3*u - 8. What is the remainder when 25 is divided by p(7)?
12
Suppose y = 4 - 2. Suppose -b - 2 = 5*o, -3*o - 20 = 4*b + 5. Let s = b - -11. What is the remainder when s is divided by y?
0
Let x(n) = -3*n + 2. Let j(a) = -2 + 0*a**3 + 3*a**2 - 3*a - 5*a**2 - a**3 - a. What is the remainder when x(-3) is divided by j(-2)?
5
Calculate the remainder when (-85)/51*156/(-10) is divided by 8.
2
Suppose 6*w = 2*w. Suppose w = -2*q - 12 + 36. Let z(b) = b**3 - 12*b**2 + 14. What is the remainder when z(q) is divided by 5?
4
Suppose 4*x - 6*x + 12 = 0. Let k = 0 + x. Suppose -18*a + 80 = -13*a. What is the remainder when a is divided by k?
4
Calculate the remainder when 33 is divided by 13/39 + (-106)/(-6).
15
Let v = 51 - 16. Calculate the remainder when v is divided by 9.
8
What is the remainder when -5 + (-3 - (-905)/5) is divided by 44?
41
Let h(i) be the second derivative of i**4/12 + 5*i**3/3 - 7*i**2 - 2*i. Let r be h(-12). Let b = r - 9. What is the remainder when 2 is divided by b?
0
Let v be 0 - -2 - (1 - 3). Suppose 5*a - 3 = v*a. Suppose -20 = 5*l, r = -0*r + a*l + 28. Calculate the remainder when 29 is divided by r.
13
What is the remainder when 18 is divided by -6 + 6 + 30/3?
8
Let x(d) = -35*d**3 - d**2 - 2*d - 2. Let q be (-2 + 1)*(-1 - -2). Calculate the remainder when x(q) is divided by 12.
10
Let c(f) = 26 - f - 34 - f. Calculate the remainder when c(-10) is divided by 5.
2
Suppose -169 = -18*x + 461. Calculate the remainder when x is divided by 16.
3
Suppose 2 = f - 13. Let d = -118 + 145. What is the remainder when d is divided by f?
12
Let d be (-8)/(-3)*636/16. Suppose 5*z = 3*z + d. Calculate the remainder when z is divided by 18.
17
Suppose -z + 2 = z. Calculate the remainder when 35 is divided by (-3)/(-6)*24*z.
11
Suppose 3*d - 25 = 38. What is the remainder when 38 is divided by d?
17
Suppose 0 = 5*l - 2*s - 19, -24 = -5*l - 3*s + 10. What is the remainder when 19 is divided by l?
4
Let i = 0 + -8. Let n(s) = -3*s - 12. Calculate the remainder when n(i) is divided by 5.
2
Let x(b) = b**2 + b + 9. What is the remainder when 2/(-4) + 70/4 is divided by x(0)?
8
Let p(m) = m**2 + 3*